lculate the highest common divisor of 4845525 and 18975.
1725
Calculate the greatest common divisor of 7145320 and 40166.
2114
Calculate the highest common divisor of 11676 and 17388900.
1668
What is the greatest common divisor of 637887 and 242079?
1767
What is the highest common divisor of 13 and 740467325?
13
Calculate the highest common factor of 82 and 607594088.
82
What is the greatest common factor of 5228328 and 6720?
168
Calculate the highest common divisor of 103790016 and 31680.
6336
Calculate the highest common factor of 15924 and 102498.
6
Calculate the highest common factor of 305 and 490562305.
305
What is the greatest common factor of 211 and 178128099?
211
Calculate the highest common factor of 1086238 and 2369.
103
What is the highest common factor of 50 and 7575275?
25
What is the greatest common divisor of 423 and 93887?
1
What is the greatest common divisor of 1060 and 5083972?
212
Calculate the greatest common factor of 10850941 and 865373.
3217
What is the greatest common factor of 2557002 and 2208?
138
Calculate the highest common divisor of 2385 and 5835.
15
What is the highest common divisor of 492062781 and 21?
21
What is the highest common factor of 11803012 and 91?
13
Calculate the greatest common divisor of 35721 and 87154137.
5103
What is the greatest common divisor of 766349995 and 345?
115
Calculate the greatest common factor of 4695 and 107723958.
939
What is the greatest common divisor of 171193 and 65175?
869
Calculate the greatest common factor of 726009 and 75012.
2679
What is the highest common factor of 91350 and 288450?
450
What is the greatest common divisor of 1632 and 18037068?
204
Calculate the highest common factor of 157533639 and 3103.
107
Calculate the highest common factor of 122 and 1293454370.
122
Calculate the greatest common divisor of 104 and 5743387.
13
Calculate the greatest common divisor of 56640 and 1320960.
960
Calculate the greatest common divisor of 30294523 and 49.
7
What is the highest common divisor of 2479 and 25288279?
2479
Calculate the highest common factor of 6720 and 13188630.
210
What is the highest common divisor of 469771 and 14214205?
4843
Calculate the greatest common divisor of 54257346 and 642.
642
What is the greatest common factor of 468375 and 123?
3
Calculate the greatest common divisor of 1035503 and 145.
29
Calculate the highest common factor of 15962258 and 78.
26
Calculate the greatest common divisor of 792 and 55684992.
264
Calculate the highest common divisor of 215574 and 661789.
1159
Calculate the greatest common factor of 24375053 and 267.
89
What is the highest common divisor of 10 and 112404110?
10
Calculate the highest common divisor of 115750892 and 442.
34
Calculate the highest common divisor of 299754 and 146583.
1647
Calculate the greatest common factor of 267 and 7370313.
3
Calculate the highest common divisor of 84 and 31560844.
28
What is the highest common divisor of 240 and 7929600?
240
Calculate the greatest common factor of 78120876 and 12.
12
What is the highest common divisor of 11 and 183599086?
11
Calculate the greatest common factor of 8579610 and 650.
130
What is the highest common divisor of 6 and 15954384?
6
Calculate the greatest common factor of 1379997 and 17253.
243
Calculate the greatest common divisor of 2909290 and 82010.
590
What is the greatest common factor of 4704 and 138045264?
336
Calculate the greatest common divisor of 69330 and 17505.
15
What is the greatest common divisor of 19503481 and 323?
19
What is the highest common divisor of 14544 and 132?
12
What is the highest common divisor of 3684 and 50532?
12
What is the greatest common factor of 816214 and 19030?
346
Calculate the highest common factor of 20414611 and 56.
7
Calculate the highest common divisor of 387 and 8853657.
129
What is the highest common factor of 2387280 and 4785?
435
Calculate the greatest common factor of 635760 and 51705.
45
What is the greatest common divisor of 16762893 and 84?
21
Calculate the greatest common factor of 4935 and 519164820.
705
What is the highest common factor of 220046203 and 49374?
2743
What is the highest common divisor of 1208751 and 18942981?
8823
Calculate the highest common factor of 21920291 and 3.
1
What is the greatest common divisor of 12997608 and 264?
24
Calculate the greatest common divisor of 78 and 1062960808.
26
Calculate the highest common divisor of 10391163 and 328.
41
Calculate the highest common divisor of 1753074 and 2499192.
6066
What is the greatest common divisor of 100498905 and 234?
117
What is the greatest common divisor of 739028824 and 74?
74
Calculate the greatest common factor of 881 and 600466694.
881
Calculate the highest common factor of 308417303 and 905.
181
What is the greatest common factor of 26114 and 66108778?
2374
Calculate the highest common divisor of 34104 and 109074.
294
What is the greatest common divisor of 2511 and 2280717?
81
Calculate the greatest common divisor of 17 and 117140897.
17
What is the highest common factor of 7808 and 180316?
244
Calculate the highest common divisor of 14508 and 3313404.
1116
What is the greatest common factor of 9 and 24225264?
9
Calculate the greatest common factor of 14740 and 799530.
10
What is the greatest common factor of 882151040 and 370?
370
What is the highest common factor of 15083081 and 93?
31
What is the greatest common factor of 50 and 780020450?
50
What is the highest common factor of 3727 and 66821383?
3727
Calculate the greatest common factor of 11083904 and 4992.
1664
Calculate the greatest common divisor of 119926 and 58987.
61
What is the highest common divisor of 1128 and 38525712?
1128
Calculate the greatest common divisor of 3438 and 1171594.
382
What is the highest common divisor of 17524 and 1044026?
674
What is the greatest common divisor of 750780 and 2412?
36
Calculate the greatest common divisor of 156 and 28346955.
39
Calculate the greatest common factor of 2719801 and 63.
7
What is the greatest common factor of 656521 and 4043?
311
Calculate the highest common divisor of 12 and 8221758.
6
Calculate the highest common factor of 232438959 and 9.
9
What is the greatest common divisor of 1413 and 14643861?
471
Calculate the greatest common factor of 1408734208 and 1792.
1792
Calculate the greatest common divisor of 10 and 20352640.
10
What is the greatest common factor of 6783924 and 2604?
84
Calculate the greatest common divisor of 27 and 1529473725.
27
Calculate the greatest common divisor of 791464 and 1361692.
3116
What is the highest common factor of 377136 and 39463092?
10476
Calculate the highest common factor of 189417040 and 24120.
2680
What is the highest common factor of 185621684 and 322?
46
Calculate the greatest common divisor of 2218 and 261141775.
1109
Calculate the greatest common factor of 6 and 14901024.
6
Calculate the greatest common factor of 32154448 and 32.
16
Calculate the greatest common factor of 1457 and 34619354.
47
What is the greatest common divisor of 8 and 539684?
4
What is the greatest common divisor of 42 and 77683046?
14
What is the highest common factor of 490 and 30900590?
70
What is the highest common divisor of 601218 and 25774?
526
What is the highest common divisor of 12464 and 210064?
304
What is the highest common factor of 1256025 and 60?
15
What is the greatest common factor of 272 and 4245736?
8
Calculate the greatest common divisor of 3276302 and 7966.
1138
What is the highest common factor of 668169205 and 23?
23
Calculate the greatest common factor of 386 and 1137121646.
386
What is the highest common divisor of 237317 and 817?
43
What is the greatest common divisor of 47465504 and 8628?
2876
Calculate the greatest common factor of 210138 and 1434.
6
What is the highest common divisor of 103 and 186851682?
103
Calculate the greatest common divisor of 113890374 and 18.
18
What is the greatest common divisor of 5018185 and 1616?
101
What is the greatest common divisor of 430 and 1423558?
86
What is the highest common divisor of 7002230 and 130?
10
What is the greatest common divisor of 11795215 and 100?
5
What is the greatest common factor of 43084800 and 26840?
440
What is the highest common divisor of 4533039 and 441?
441
Calculate the greatest common divisor